late k(12).
-5
Let i(v) = -v**3 - 44*v**2 - 44*v - 43. Calculate i(-43).
0
Let a(r) = -2*r**2 + 10*r + 1. What is a(-3)?
-47
Let x(w) = -5*w - 212. Give x(-42).
-2
Let w(i) = 2*i. Give w(1).
2
Let t(k) = -2*k - 68. Calculate t(-29).
-10
Let y(j) = j**3 - j**2 - j + 17. What is y(-3)?
-16
Let g(x) = 19*x - 62. Give g(3).
-5
Let d(y) = y**2 + 3*y - 3. Calculate d(6).
51
Let y(z) = -z + 3. Give y(2).
1
Let o(r) = r**2 - 10*r + 5. Determine o(4).
-19
Let f(d) = -d**3 + d**2. What is f(0)?
0
Let j(u) = -u - 7. Calculate j(-6).
-1
Let m(z) = 21*z - 303. What is m(14)?
-9
Let u(n) = -n**2 - 6*n - 1. Give u(-6).
-1
Let d(q) = q**2 + 11*q + 7. What is d(-11)?
7
Let y(k) = -k**3 + 18*k**2 + 3*k - 13. Determine y(18).
41
Let q(f) = -2*f**3 + 2*f**2 + 4*f - 5. Give q(-2).
11
Let a(g) = g**2 + 6*g + 6. Calculate a(-4).
-2
Let k(s) = 6*s - 3. What is k(4)?
21
Let d(t) = 14*t**2 + 5*t - 12. Determine d(1).
7
Let g(p) = -p**2 - 9*p + 42. Give g(-12).
6
Let h(c) = -c**3 - 17*c**2 + 61*c + 16. Calculate h(-20).
-4
Let d(u) = 10*u - 2. What is d(-2)?
-22
Let o(n) = -5*n**2 - 3*n - 2. What is o(-1)?
-4
Let l(s) = -s**2 - 10*s - 5. What is l(-9)?
4
Let s(z) = -z**3 + z**2 + 8*z + 2. What is s(4)?
-14
Let t(n) = n**3 + 7*n**2 + 12*n + 5. Give t(-6).
-31
Let c(g) = 2*g**3 + 11*g**2 + 14*g. What is c(-4)?
-8
Let b(y) = -y**3 + 73. Determine b(0).
73
Let d(f) = 4*f - 1. Determine d(-5).
-21
Let s(r) = 5*r - 116. Give s(23).
-1
Let p(m) = 2*m. What is p(4)?
8
Let p(r) = -r**2 + r - 14. Calculate p(0).
-14
Let y(f) = -f + 10. Determine y(8).
2
Let p(n) = -3*n**3 - 3*n**2 + 3*n - 1. What is p(2)?
-31
Let t(f) = -f**2 - 10*f - 14. Determine t(-7).
7
Let o(g) = -11*g**2 + g. Determine o(1).
-10
Let w(q) = -3*q**2 + 12*q - 11. What is w(3)?
-2
Let z(p) = -2*p**2 + 24*p - 54. Calculate z(9).
0
Let l(d) = -d**2 - 21*d - 17. Give l(-21).
-17
Let f(j) = -3*j**2 + 13*j + 135. Determine f(-5).
-5
Let m(d) = -11*d**3 - d + 1. Give m(1).
-11
Let b(k) = k**2 - 9*k + 14. Calculate b(9).
14
Let t(y) = -y**2 - 5*y + 2. What is t(-4)?
6
Let d(g) = 18*g + 99. Give d(-4).
27
Let c(q) = -2*q**2 + 18*q - 12. Determine c(9).
-12
Let i(y) = y**2 + 15*y + 6. Give i(-15).
6
Let x(b) = -3*b + 3. Determine x(8).
-21
Let d(a) = -a**3 + 11*a**2 + 30*a - 28. Calculate d(13).
24
Let j(c) = -2*c - 3. Give j(-5).
7
Let t(r) = 7*r + 60. Give t(4).
88
Let n(z) = z**3 - 12*z**2 - 44*z - 8. Give n(15).
7
Let k(m) = -2*m**2 - 4*m + 7. Give k(-3).
1
Let j(w) = 7*w**2 + 53*w + 67. What is j(-6)?
1
Let h(o) = o**3 - 6*o**2 - 5*o - 8. Determine h(7).
6
Let v(m) = -27*m - 37. Calculate v(-6).
125
Let x(a) = a**3 - 6*a**2 - 40*a + 4. Give x(10).
4
Let b(g) = 3*g**3 + 2*g**2 + 2. Give b(-2).
-14
Let a(r) = r**2 - 37*r + 318. Determine a(17).
-22
Let c(v) = 2*v. Calculate c(-5).
-10
Let i(p) = p**2 - 8*p - 9. What is i(10)?
11
Let a(b) = 11*b - 99. What is a(9)?
0
Let s(f) = -3*f + 26. Determine s(-16).
74
Let b(r) = -r**2 - 8*r + 10. Calculate b(-9).
1
Let h(d) = d**3 - 2*d**2 + 13*d - 27. What is h(2)?
-1
Let a(w) = w**2 - 14*w + 23. Give a(12).
-1
Let b(q) = q**3 + 8*q**2 - 6*q - 3. What is b(-7)?
88
Let b(d) = -d**2 - 12*d + 6. Give b(-15).
-39
Let l(u) = -u**3 + 10*u**2 - 24*u + 18. What is l(6)?
18
Let a(t) = -5*t**2 + 6*t + 8. Calculate a(-1).
-3
Let n(j) = -7*j**2 + 14*j - 4. What is n(2)?
-4
Let p(i) = -i**2 - 13*i + 51. What is p(4)?
-17
Let q(b) = 2*b**2 - 70*b - 17. Calculate q(36).
55
Let f(b) = b**3 - 3*b**2 - 9*b. What is f(4)?
-20
Let h(j) = 2*j**2. Give h(-1).
2
Let x(y) = y**3 - 22*y**2 + 20*y + 30. Give x(21).
9
Let h(y) = y**3 - 6*y**2 + 3*y + 1. Determine h(5).
-9
Let a(j) = -10*j + 1. What is a(2)?
-19
Let v(h) = -h**2 + 8*h - 5. Give v(7).
2
Let d(c) = -c**3 - 11*c**2 - 20*c - 22. Determine d(-9).
-4
Let j(d) = -37*d + 1. Calculate j(-1).
38
Let l(r) = r**2 - 10*r + 9. Determine l(8).
-7
Let m(w) = -2*w**2 + 12*w + 6. What is m(7)?
-8
Let l(g) = 20*g**3 - g**2 - 3*g - 1. Calculate l(-1).
-19
Let y(x) = -42*x - 165. Give y(-4).
3
Let p(q) = q**2 - 9*q + 15. What is p(8)?
7
Let p(m) = -m**2 - 5*m - 6. Calculate p(5).
-56
Let s(j) = -5*j + 36. Give s(14).
-34
Let w(p) = -3*p - 13. Determine w(-6).
5
Let i(q) = 9*q**2 - q. Give i(-1).
10
Let j(y) = 21*y - 12. Give j(-3).
-75
Let i(m) = m + 19. What is i(8)?
27
Let v(n) = -n**2 + 4*n - 6. Give v(4).
-6
Let v(x) = -x**3 - 8*x**2 - 19*x - 8. Determine v(-4).
4
Let s(o) = -o**3 - 2*o**2 + 2*o - 3. Determine s(-4).
21
Let b(a) = 4*a - 2. Give b(7).
26
Let m(p) = -p**3 - 21*p**2 - p - 14. Determine m(-21).
7
Let z(l) = l**3 - 26*l**2 + 51*l - 21. Give z(24).
51
Let g(i) = -8*i - 16. Calculate g(-5).
24
Let s(k) = 2*k + 84. Give s(0).
84
Let s(v) = -v**3 + 15*v**2 - 2*v + 22. Give s(15).
-8
Let x(m) = -m**3 + 16*m**2 + 39*m - 37. Determine x(18).
17
Let p(z) = 3*z + 1. What is p(6)?
19
Let r(o) = 6*o - 52. Determine r(16).
44
Let c(o) = 3*o**2 - 2*o - 8. Determine c(-2).
8
Let g(h) = 10*h - 37. Determine g(15).
113
Let m(d) = d**3 - 6*d**2 + 5*d - 5. What is m(4)?
-17
Let b(h) = h**3 - 3*h**2 - 10*h + 3. Determine b(-3).
-21
Let i(f) = -21*f - 9. Calculate i(-6).
117
Let z(k) = -k**3 - k**2 + 9*k + 7. Calculate z(-3).
-2
Let t(d) = -2*d**2 - 4*d + 3. What is t(2)?
-13
Let j(v) = -v**2 + 9. Give j(4).
-7
Let p(m) = -m**3 + 12*m**2 + 9*m + 19. Give p(12).
127
Let b(s) = -s**2 - 16*s + 14. What is b(-17)?
-3
Let u(x) = 7*x - 6. Calculate u(2).
8
Let f(d) = 5*d - 120. Give f(24).
0
Let t(s) = -s + 50. What is t(38)?
12
Let j(s) = 2*s**2 + s + 7. Give j(5).
62
Let i(f) = -f + 14. Calculate i(-6).
20
Let q(f) = 10*f - 277. Calculate q(28).
3
Let s(g) = 5*g**2 + 10*g - 28. Give s(2).
12
Let s(h) = h**3 - 5*h**2 - 10*h + 9. Give s(6).
-15
Let p(f) = f**2 + 13*f - 12. Give p(-8).
-52
Let j(d) = 3*d + 2. Determine j(6).
20
Let n(x) = -2*x**2 + 13*x. Give n(7).
-7
Let u(w) = -w**3 - 4*w**2 - w + 3. Determine u(-4).
7
Let w(a) = 2*a**2 + 10*a + 6. Give w(-6).
18
Let a(d) = 21*d. Give a(-1).
-21
Let t(m) = -m**3 - 6*m**2 + 7*m - 4. What is t(-7)?
-4
Let q(t) = -2*t + 18. Give q(4).
10
Let q(x) = x**2 + 10*x - 1. What is q(-9)?
-10
Let m(f) = -2*f**2 + 4*f. Calculate m(-4).
-48
Let q(a) = -a**3 + 13*a**2 - 28*a - 1. Give q(4).
31
Let c(z) = -4*z**3 - 14*z**2 + 9*z + 4. Give c(-4).
0
Let b(z) = -z**3 - 21*z**2 - 19*z + 15. Calculate b(-20).
-5
Let s(f) = 2*f**2 - 38*f - 51. Calculate s(21).
33
Let z(b) = b**2 - 2*b - 4. What is z(3)?
-1
Let k(x) = 4*x - 73. Determine k(17).
-5
Let p(d) = -37*d**2 - 20*d + 19. Determine p(1).
-38
Let f(u) = -u**3 - 14*u**2 + 35*u + 20. What is f(-16)?
-28
Let c(x) = x**3 + 24*x**2 - 26*x - 15. Give c(-25).
10
Let b(r) = r**3 + 43*r**2 + 40*r - 85. Calculate b(-42).
-1
Let c(y) = 4*y + 13. Determine c(-9).
-23
Let x(y) = 3*y**2 + 4*y + 1. Determine x(4).
65
Let r(a) = -11*a - 75. Give r(-5).
-20
Let h(p) = p**2 - 18*p + 54. What is h(14)?
-2
Let r(x) = 8*x + 92. Give r(10).
172
Let p(d) = -d**2 - 2*d + 26. What is p(0)?
26
Let j(g) = -g**2 + 2*g + 1. Give j(0).
1
Let c(k) = k**3 - 14*k**2 - 13. Give c(14).
-13
Let h(l) = -l**2 - 4*l + 10. Determine h(-4).
10
Let g(s) = -s**2 + 2*s - 6. Give g(3).
-9
Let v(j) = -3*j + 38. Determine v(16).
-10
Let b(x) = 3*x**2 + 54*x + 35. What is b(-17)?
-16
Let b(f) = -f**3 - 7*f**2 - 10*f - 12. Give b(-6).
12
Let i(v) = 4*v**3 + v**2 - v + 1. What is i(1)?
5
Let w(j) = -8*j - 135. Determine w(-16).
-7
Let v(y) = -y**2 - y + 80. Determine v(-8).
24
Let u(h) = 12*h - 39. Determine u(5).
21
Let a(j) = j**3 - 7*j**2 + 4*j - 4. Determine a(5).
-34
Let s(r) = -r**3 - 9*r**2 - 8*r + 2. Determine s(-7).
-40
Let i(s) = s**3 - 18*s**2 - s + 9. What is i(18)?
-9
Let p(u) = 8*u - 5. Give p(-4).
-37
Let a(z) = -10*z + 3. Determine a(4).
-37
Let a(f) = -14*f**3 + 5*f**2 + f - 2. Determine a(2).
-92
Let a(r) = -r**3 + r**2 - r - 20. Calculate a(0).
-20
Let d(i) = -5*i + 6. Give d(4).
-14
Let z(k) = k**3 + 8*k**2 - 9*k + 16. What is z(-7)?
128
Let t(w) = 8*w - 45. Give t(5).
-5
Let i(d) = 2*d - 8. Give i(2).
-4
Let k(q) = -q**3 + 6*q**2 - 6*q - 8. Determine k(4).
0
Let z(p) = -4*p - 61. Give z(-29).
55
Let k(c) = 4*c + 88. Determine k(-20).
8
Let f(u) = -14*u + 6. Give f(5).
-64
Let k(x) = x**2 + x + 68. What is k(0)?
68
Let s(y) = 4*y - 26. Give s(11).
18
Let t(b) = -b**3 - 6*b**2 + 5*b + 10. What is t(-7)?
24
